{"id":209,"date":"2024-12-05T18:51:50","date_gmt":"2024-12-05T17:51:50","guid":{"rendered":"https:\/\/izistudioz-c9w8qipn3q.live-website.com\/?page_id=209"},"modified":"2024-12-08T14:32:54","modified_gmt":"2024-12-08T13:32:54","slug":"a-propos","status":"publish","type":"page","link":"https:\/\/izistudioz.com\/index.php\/a-propos\/","title":{"rendered":"A propos"},"content":{"rendered":"\n<p>fond\u00e9 et dirig\u00e9 par Izaura Celaj, Izi Studioz a vu le jour en 2020. le studio propose une large gamme de services photographiques pour r\u00e9pondre \u00e0 tous vos besoins :<\/p>\n\n\n\n<ul class=\"wp-block-list\">\n<li><strong>portrait, <\/strong><\/li>\n\n\n\n<li><strong>famille, <\/strong><\/li>\n\n\n\n<li><strong>maternit\u00e9, <\/strong><\/li>\n\n\n\n<li><strong>nouveau-n\u00e9, <\/strong><\/li>\n\n\n\n<li><strong>mariage et \u00e9v\u00e9nements<\/strong><\/li>\n\n\n\n<li><strong>photographie culinaire et produits. <\/strong><\/li>\n\n\n\n<li><strong>Immobilier <\/strong><\/li>\n<\/ul>\n\n\n\n<p>Gr\u00e2ce \u00e0 son approche personnalis\u00e9e et son savoir-faire, Izi Studioz a su fid\u00e9liser ses clients, qui reviennent r\u00e9guli\u00e8rement pour de nouvelles collaborations.<\/p>\n\n\n\n<p><\/p>\n","protected":false},"excerpt":{"rendered":"<p>fond\u00e9 et dirig\u00e9 par Izaura Celaj, Izi Studioz a vu le jour en 2020. le studio propose une large gamme de services photographiques pour r\u00e9pondre \u00e0 tous vos besoins : Gr\u00e2ce \u00e0 son approche personnalis\u00e9e et son savoir-faire, Izi Studioz a su fid\u00e9liser ses clients, qui reviennent r\u00e9guli\u00e8rement pour de nouvelles collaborations.<\/p>\n","protected":false},"author":1,"featured_media":0,"parent":0,"menu_order":0,"comment_status":"closed","ping_status":"closed","template":"","meta":{"footnotes":""},"class_list":["post-209","page","type-page","status-publish","hentry"],"_links":{"self":[{"href":"https:\/\/izistudioz.com\/index.php\/wp-json\/wp\/v2\/pages\/209","targetHints":{"allow":["GET"]}}],"collection":[{"href":"https:\/\/izistudioz.com\/index.php\/wp-json\/wp\/v2\/pages"}],"about":[{"href":"https:\/\/izistudioz.com\/index.php\/wp-json\/wp\/v2\/types\/page"}],"author":[{"embeddable":true,"href":"https:\/\/izistudioz.com\/index.php\/wp-json\/wp\/v2\/users\/1"}],"replies":[{"embeddable":true,"href":"https:\/\/izistudioz.com\/index.php\/wp-json\/wp\/v2\/comments?post=209"}],"version-history":[{"count":4,"href":"https:\/\/izistudioz.com\/index.php\/wp-json\/wp\/v2\/pages\/209\/revisions"}],"predecessor-version":[{"id":231,"href":"https:\/\/izistudioz.com\/index.php\/wp-json\/wp\/v2\/pages\/209\/revisions\/231"}],"wp:attachment":[{"href":"https:\/\/izistudioz.com\/index.php\/wp-json\/wp\/v2\/media?parent=209"}],"curies":[{"name":"wp","href":"https:\/\/api.w.org\/{rel}","templated":true}]}}